en 1091 is divided by 165.
101
Calculate the remainder when 169 is divided by 81.
7
Calculate the remainder when 1099 is divided by 546.
7
What is the remainder when 241 is divided by 66?
43
What is the remainder when 270 is divided by 7?
4
Calculate the remainder when 1092 is divided by 183.
177
What is the remainder when 1935 is divided by 51?
48
What is the remainder when 8244 is divided by 133?
131
Calculate the remainder when 472 is divided by 43.
42
Calculate the remainder when 135 is divided by 6.
3
What is the remainder when 211 is divided by 24?
19
Calculate the remainder when 2466 is divided by 24.
18
Calculate the remainder when 97 is divided by 24.
1
Calculate the remainder when 169 is divided by 87.
82
Calculate the remainder when 5247 is divided by 228.
3
What is the remainder when 218 is divided by 25?
18
Calculate the remainder when 965 is divided by 23.
22
What is the remainder when 253 is divided by 43?
38
What is the remainder when 211 is divided by 82?
47
What is the remainder when 309 is divided by 159?
150
Calculate the remainder when 72 is divided by 20.
12
Calculate the remainder when 27 is divided by 8.
3
Calculate the remainder when 683 is divided by 186.
125
What is the remainder when 861 is divided by 18?
15
What is the remainder when 452 is divided by 76?
72
Calculate the remainder when 209 is divided by 10.
9
What is the remainder when 287 is divided by 31?
8
Calculate the remainder when 361 is divided by 52.
49
What is the remainder when 629 is divided by 21?
20
What is the remainder when 162 is divided by 14?
8
Calculate the remainder when 133 is divided by 33.
1
What is the remainder when 12355 is divided by 103?
98
Calculate the remainder when 296 is divided by 83.
47
Calculate the remainder when 1537 is divided by 172.
161
What is the remainder when 439 is divided by 44?
43
Calculate the remainder when 68 is divided by 44.
24
Calculate the remainder when 12207 is divided by 11.
8
Calculate the remainder when 1343 is divided by 135.
128
Calculate the remainder when 12120 is divided by 38.
36
What is the remainder when 275 is divided by 89?
8
Calculate the remainder when 733 is divided by 35.
33
Calculate the remainder when 62 is divided by 33.
29
Calculate the remainder when 76 is divided by 20.
16
What is the remainder when 163 is divided by 5?
3
Calculate the remainder when 45 is divided by 33.
12
What is the remainder when 243 is divided by 21?
12
What is the remainder when 394 is divided by 132?
130
Calculate the remainder when 310 is divided by 21.
16
What is the remainder when 123 is divided by 44?
35
What is the remainder when 95 is divided by 17?
10
What is the remainder when 464 is divided by 18?
14
Calculate the remainder when 233 is divided by 9.
8
Calculate the remainder when 124 is divided by 18.
16
Calculate the remainder when 499 is divided by 251.
248
Calculate the remainder when 819 is divided by 577.
242
What is the remainder when 1388 is divided by 10?
8
What is the remainder when 451 is divided by 113?
112
What is the remainder when 433 is divided by 40?
33
What is the remainder when 104 is divided by 54?
50
Calculate the remainder when 5735 is divided by 18.
11
Calculate the remainder when 70 is divided by 50.
20
Calculate the remainder when 4607 is divided by 16.
15
Calculate the remainder when 503 is divided by 24.
23
What is the remainder when 152 is divided by 40?
32
Calculate the remainder when 1554 is divided by 768.
18
Calculate the remainder when 415 is divided by 140.
135
What is the remainder when 12072 is divided by 23?
20
Calculate the remainder when 6983 is divided by 72.
71
Calculate the remainder when 377 is divided by 96.
89
What is the remainder when 1953 is divided by 6?
3
What is the remainder when 271 is divided by 57?
43
What is the remainder when 1209 is divided by 10?
9
What is the remainder when 83 is divided by 28?
27
Calculate the remainder when 2701 is divided by 169.
166
What is the remainder when 571 is divided by 11?
10
What is the remainder when 3131 is divided by 36?
35
What is the remainder when 74 is divided by 54?
20
Calculate the remainder when 69 is divided by 4.
1
What is the remainder when 908 is divided by 7?
5
Calculate the remainder when 9110 is divided by 650.
10
Calculate the remainder when 81 is divided by 63.
18
Calculate the remainder when 143 is divided by 1.
0
Calculate the remainder when 373 is divided by 34.
33
Calculate the remainder when 998 is divided by 168.
158
What is the remainder when 194 is divided by 61?
11
Calculate the remainder when 2319 is divided by 6.
3
Calculate the remainder when 214 is divided by 24.
22
What is the remainder when 235 is divided by 74?
13
What is the remainder when 419 is divided by 145?
129
Calculate the remainder when 102 is divided by 35.
32
Calculate the remainder when 246 is divided by 92.
62
Calculate the remainder when 17 is divided by 10.
7
Calculate the remainder when 1028 is divided by 1023.
5
What is the remainder when 248 is divided by 97?
54
What is the remainder when 10732 is divided by 182?
176
What is the remainder when 609 is divided by 144?
33
Calculate the remainder when 319 is divided by 8.
7
Calculate the remainder when 121 is divided by 14.
9
What is the remainder when 6389 is divided by 6?
5
What is the remainder when 843 is divided by 164?
23
What is the remainder when 17 is divided by 13?
4
Calculate the remainder when 161 is divided by 14.
7
What is the remainder when 2935 is divided by 729?
19
What is the remainder when 501 is divided by 42?
39
Calculate the remainder when 1128 is divided by 140.
8
Calculate the remainder when 1407 is divided by 280.
7
Calculate the remainder when 754 is divided by 10.
4
Calculate the remainder when 46 is divided by 15.
1
What is the remainder when 2880 is divided by 31?
28
Calculate the remainder when 306 is divided by 4.
2
Calculate the remainder when 81 is divided by 21.
18
What is the remainder when 1716 is divided by 191?
188
Calculate the remainder when 82 is divided by 17.
14
What is the remainder when 210 is divided by 11?
1
What is the remainder when 233 is divided by 78?
77
What is the remainder when 5241 is divided by 46?
43
Calculate the remainder when 500 is divided by 64.
52
What is the remainder when 908 is divided by 11?
6
Calculate the remainder when 19873 is divided by 25.
23
What is the remainder when 289 is divided by 100?
89
What is the remainder when 8745 is divided by 70?
65
What is the remainder when 4743 is divided by 8?
7
What is the remainder when 332 is divided by 12?
8
What is the remainder when 492 is divided by 15?
12
What is the remainder when 1043 is divided by 58?
57
What is the remainder when 1785 is divided by 70?
35
What is the remainder when 1578 is divided by 386?
34
What is the remainder when 2336 is divided by 60?
56
What is the remainder when 640 is divided by 6?
4
What is the remainder when 467 is divided by 67?
65
Calculate the remainder when 4755 is divided by 46.
17
What is the remainder when 2528 is divided by 23?
21
What is the remainder when 23993 is divided by 31?
30
What is the remainder when 380 is divided by 55?
50
Calculate the remainder when 293 is divided by 26.
7
What is the remainder when 374 is divided by 165?
44
What is the remainder when 286 is divided by 32?
30
What is the remainder when 588 is divided by 289?
10
What is the remainder when 263 is divided by 44?
43
Calculate the remainder when 2863 is divided by 313.
46
Calculate the remainder when 419 is divided by 203.
13
What is the remainder when 72 is divided by 5?
2
Calculate the remainder when 16531 is divided by 212.
207
Calculate the remainder when 21755 is divided by 22.
19
What is the remainder when 7720 is divided by 297?
295
Calculate the remainder when 29 is divided by 7.
1
Calculate the remainder when 243 is divided by 109.
25
Calculate the remainder when 562 is divided by 21.
16
Calculate the remainder when 5078 is divided by 31.
25
Calculate the remainder when 357 is divided by 174.
9
Calculate the remainder when 670 is divided by 96.
94
What is the remainder when 1119 is divided by 223?
4
What is the remainder when 539 is divided by 76?
7
What is the remainder when 7198 is divided by 19?
16
Calculate the remainde